{"id":38,"date":"2023-05-31T13:59:45","date_gmt":"2023-05-31T11:59:45","guid":{"rendered":"https:\/\/jankestransport.pl\/?page_id=38"},"modified":"2023-05-31T14:05:19","modified_gmt":"2023-05-31T12:05:19","slug":"o-nas","status":"publish","type":"page","link":"https:\/\/jankestransport.pl\/?page_id=38","title":{"rendered":"Kontakt"},"content":{"rendered":"\n<p><\/p>\n\n\n\n<p>Firma Handlowo-Us\u0142ugowa \u201eJankes\u201d Olaf Jankowski<\/p>\n\n\n\n<p>ul. Ko\u015bcielna 5<\/p>\n\n\n\n<p>62-430 Powidz<\/p>\n\n\n\n<p>tel. +48 502 292 586<\/p>\n\n\n\n<p>E-mail: fhujankes@o2.pl<\/p>\n\n\n\n<p>Biuro:<\/p>\n\n\n\n<p>ul. Park Powsta\u0144c\u00f3w Wielkopolskich 23<\/p>\n\n\n\n<p>62-430 Powidz<\/p>\n\n\n\n<p>tel. +48 530 160 679<\/p>\n\n\n\n<p>E-mail: biuro@jankestransport.pl<\/p>\n","protected":false},"excerpt":{"rendered":"<p>Firma Handlowo-Us\u0142ugowa \u201eJankes\u201d Olaf Jankowski ul. Ko\u015bcielna 5 62-430 Powidz tel. +48 502 292 586 E-mail: fhujankes@o2.pl Biuro: ul. Park Powsta\u0144c\u00f3w Wielkopolskich 23 62-430 Powidz tel. +48 530 160 679 E-mail: biuro@jankestransport.pl<\/p>\n","protected":false},"author":1,"featured_media":0,"parent":0,"menu_order":0,"comment_status":"closed","ping_status":"closed","template":"","meta":{"footnotes":""},"class_list":["post-38","page","type-page","status-publish","hentry"],"_links":{"self":[{"href":"https:\/\/jankestransport.pl\/index.php?rest_route=\/wp\/v2\/pages\/38","targetHints":{"allow":["GET"]}}],"collection":[{"href":"https:\/\/jankestransport.pl\/index.php?rest_route=\/wp\/v2\/pages"}],"about":[{"href":"https:\/\/jankestransport.pl\/index.php?rest_route=\/wp\/v2\/types\/page"}],"author":[{"embeddable":true,"href":"https:\/\/jankestransport.pl\/index.php?rest_route=\/wp\/v2\/users\/1"}],"replies":[{"embeddable":true,"href":"https:\/\/jankestransport.pl\/index.php?rest_route=%2Fwp%2Fv2%2Fcomments&post=38"}],"version-history":[{"count":3,"href":"https:\/\/jankestransport.pl\/index.php?rest_route=\/wp\/v2\/pages\/38\/revisions"}],"predecessor-version":[{"id":58,"href":"https:\/\/jankestransport.pl\/index.php?rest_route=\/wp\/v2\/pages\/38\/revisions\/58"}],"wp:attachment":[{"href":"https:\/\/jankestransport.pl\/index.php?rest_route=%2Fwp%2Fv2%2Fmedia&parent=38"}],"curies":[{"name":"wp","href":"https:\/\/api.w.org\/{rel}","templated":true}]}}