{"id":2,"date":"2022-06-28T18:32:29","date_gmt":"2022-06-28T16:32:29","guid":{"rendered":"http:\/\/jankestransport.pl\/?page_id=2"},"modified":"2023-05-31T14:53:11","modified_gmt":"2023-05-31T12:53:11","slug":"przykladowa-strona","status":"publish","type":"page","link":"https:\/\/jankestransport.pl\/","title":{"rendered":"O nas"},"content":{"rendered":"\n<p>Dzia\u0142alno\u015b\u0107 firmy obejmuje transport krajowy oraz mi\u0119dzynarodowy. Jeste\u015bmy obecni na rynku od 2018 roku. Przez ten czas zdobyli\u015bmy wiedz\u0119 i umiej\u0119tno\u015bci niezb\u0119dne do&nbsp;bezpiecznego oraz&nbsp;terminowego przewozu krajowego i mi\u0119dzynarodowego. Stawiamy na zr\u00f3wnowa\u017cony rozw\u00f3j i nieustanne dostosowywanie oferty do potrzeb zleceniodawc\u00f3w.<\/p>\n\n\n\n<p>\u00a0\u00a0\u00a0\u00a0\u00a0\u00a0\u00a0\u00a0 Posiadamy w\u0142asn\u0105 flot\u0119 spe\u0142niaj\u0105c\u0105 normy bezpiecze\u0144stwa, wyposa\u017con\u0105 w urz\u0105dzenia GPS oraz \u015brodki zabezpieczaj\u0105ce \u0142adunek podczas transportu, a tak\u017ce do\u015bwiadczonych kierowc\u00f3w, dzi\u0119ki czemu jeste\u015bmy w stanie zapewni\u0107 najwy\u017csz\u0105 jako\u015b\u0107 \u015bwiadczonych us\u0142ug. Wskutek dobrego zarz\u0105dzania, firma w kr\u00f3tkim czasie zyska\u0142a zaufanie kontrahent\u00f3w oraz niejednokrotnie podejmowa\u0142a wsp\u00f3\u0142prac\u0119 przy wymagaj\u0105cych zleceniach. Dzi\u0119ki powy\u017cszym mo\u017cemy zaproponowa\u0107 tanie, bezpieczne i szybkie realizacje powierzonych nam zlece\u0144.<\/p>\n\n\n\n<p>&nbsp;&nbsp;&nbsp;&nbsp;&nbsp;&nbsp;&nbsp;&nbsp; Z przyjemno\u015bci\u0105 przybli\u017cymy szczeg\u00f3\u0142y oferowanych us\u0142ug i&nbsp;zaproponujemy optymalne rozwi\u0105zania.<\/p>\n\n\n\n<p>Zapraszamy do&nbsp;kontaktu.<\/p>\n","protected":false},"excerpt":{"rendered":"<p>Dzia\u0142alno\u015b\u0107 firmy obejmuje transport krajowy oraz mi\u0119dzynarodowy. Jeste\u015bmy obecni na rynku od 2018 roku. Przez ten czas zdobyli\u015bmy wiedz\u0119 i umiej\u0119tno\u015bci niezb\u0119dne do&nbsp;bezpiecznego oraz&nbsp;terminowego przewozu krajowego i mi\u0119dzynarodowego. Stawiamy na zr\u00f3wnowa\u017cony rozw\u00f3j i nieustanne dostosowywanie oferty do potrzeb zleceniodawc\u00f3w. \u00a0\u00a0\u00a0\u00a0\u00a0\u00a0\u00a0\u00a0 Posiadamy w\u0142asn\u0105 flot\u0119 spe\u0142niaj\u0105c\u0105 normy bezpiecze\u0144stwa, wyposa\u017con\u0105 w urz\u0105dzenia GPS oraz \u015brodki zabezpieczaj\u0105ce \u0142adunek podczas [&hellip;]<\/p>\n","protected":false},"author":1,"featured_media":0,"parent":0,"menu_order":0,"comment_status":"closed","ping_status":"open","template":"","meta":{"footnotes":""},"class_list":["post-2","page","type-page","status-publish","hentry"],"_links":{"self":[{"href":"https:\/\/jankestransport.pl\/index.php?rest_route=\/wp\/v2\/pages\/2","targetHints":{"allow":["GET"]}}],"collection":[{"href":"https:\/\/jankestransport.pl\/index.php?rest_route=\/wp\/v2\/pages"}],"about":[{"href":"https:\/\/jankestransport.pl\/index.php?rest_route=\/wp\/v2\/types\/page"}],"author":[{"embeddable":true,"href":"https:\/\/jankestransport.pl\/index.php?rest_route=\/wp\/v2\/users\/1"}],"replies":[{"embeddable":true,"href":"https:\/\/jankestransport.pl\/index.php?rest_route=%2Fwp%2Fv2%2Fcomments&post=2"}],"version-history":[{"count":4,"href":"https:\/\/jankestransport.pl\/index.php?rest_route=\/wp\/v2\/pages\/2\/revisions"}],"predecessor-version":[{"id":94,"href":"https:\/\/jankestransport.pl\/index.php?rest_route=\/wp\/v2\/pages\/2\/revisions\/94"}],"wp:attachment":[{"href":"https:\/\/jankestransport.pl\/index.php?rest_route=%2Fwp%2Fv2%2Fmedia&parent=2"}],"curies":[{"name":"wp","href":"https:\/\/api.w.org\/{rel}","templated":true}]}}